be p(m). Let b = x + 5. What is the units digit of b?
2
Let a(h) = 97*h + 1. What is the thousands digit of a(18)?
1
Suppose 0*t + 3 = -t. Let d be (-1)/(-3) + 1/t. Suppose -10 = 2*i - 0, -4*k - 4*i = d. What is the units digit of k?
5
Suppose -3*q + 1008 = 5*m - m, -672 = -2*q + 4*m. What is the hundreds digit of q?
3
Let c(n) be the first derivative of n**2 + 198*n + 14. What is the tens digit of c(0)?
9
Let m be (-2 - 6) + (6 - 2). Let l(d) = -13*d. Let u be l(m). Suppose 7*b + u = 9*b. What is the tens digit of b?
2
Let n be 1 + (2 - (-7 - -4)). Suppose 515 = -h + n*h. What is the units digit of h?
3
Let n be ((-2)/7)/((-10)/(-70)). What is the units digit of n + 2 + 94 + 3?
7
Let z(o) = 473*o**2. What is the tens digit of z(-1)?
7
Let w = -170 + 428. What is the units digit of w?
8
Suppose -2*q - l = -1107, -15*l + 2217 = 4*q - 12*l. What is the units digit of q?
2
Let a(z) = 2*z**2 + 5*z + 2. Let y be a(-3). Suppose 114 = 2*q - 4*m, y*q = -m + 310 + 19. What is the tens digit of q?
6
Let p = 1396 - 320. What is the tens digit of p?
7
Let a = 999 + -527. What is the tens digit of a?
7
Suppose 2*j - 3*b = 16, j + 3*b - 2 = -3. Suppose -3*h + c = -3*c + 29, -j*c = 3*h + 38. Let i = 49 - h. What is the tens digit of i?
6
Let r(g) = g**3 + 6*g**2 - 10*g - 1. Let j be r(-7). Suppose -4*m = a - 5*a + j, -4*m = a + 25. Let x = 38 + m. What is the tens digit of x?
3
Suppose 5*v - 1893 = -5*s + 6*v, 2*s - v - 759 = 0. What is the hundreds digit of s?
3
Suppose -3*p = z - 4281, -z + 4*p - p = -4251. What is the units digit of z?
6
Let n be ((-154)/(-84))/(1/6). What is the tens digit of (2*(-2)/4)/(n/(-3322))?
0
Suppose -187 = 5*q - 2*m - 2656, -3*q + 3*m = -1476. What is the hundreds digit of q?
4
Let q be (-7)/(-14) + 2/(-4). Suppose 2*b = -q*b + 106. Let k = -25 + b. What is the units digit of k?
8
What is the tens digit of (-689)/(-4) - ((-90)/24 - -4)?
7
Let p(t) be the third derivative of t**7/5040 - t**6/360 + t**5/60 - 7*t**2. Let m(q) be the third derivative of p(q). What is the units digit of m(3)?
1
Suppose -s + 2*x - 4*x = -13, 4*s - x = 25. Let w = s + 198. What is the units digit of w?
5
Suppose -3*d = -g - 133, 0 = 23*d - 20*d - 5*g - 149. What is the tens digit of d?
4
Let y be 0 - 0*(-5)/20. Suppose y = 2*b + 7 - 11. Let o(h) = 2*h**3 - h**2 + 2*h - 1. What is the units digit of o(b)?
5
Suppose 0 = -2*v + s - 5*s + 9202, 4*s + 13783 = 3*v. What is the units digit of v?
7
Suppose 7*v - 23*v = -4384. What is the hundreds digit of v?
2
Suppose 3*w = 2*d - 125, -4*w = 4*d - 400 + 100. Suppose 5*t + 0*t + d = 0. Let v(g) = -g - 6. What is the units digit of v(t)?
8
Let r(x) = -8*x**2 - 4*x - 12. Let h(l) = 8*l**2 + 4*l + 13. Let n(v) = -3*h(v) - 4*r(v). What is the tens digit of n(-3)?
6
Let h be (-2)/7 - 178/14. Let f(m) be the third derivative of -m**4/4 - m**3 + 61*m**2. What is the tens digit of f(h)?
7
Let d be 130/(-8) - (-8)/32. Let r = d - -24. What is the units digit of r?
8
Suppose 32140 = 6*r + 10054. What is the units digit of r?
1
Let f = 8681 - 6142. What is the thousands digit of f?
2
Suppose z = 0, -3*z + 4*z - 740 = -4*t. Let c = -125 + t. What is the units digit of c?
0
Let l = 161 + 541. What is the units digit of l?
2
Let v(l) = 0*l**2 + 10 - 6 + 4*l**2 - l**3. Let t = -3 - -6. What is the units digit of v(t)?
3
Let f(n) = -7*n**2 - 5*n - 17. Let m(a) = -10*a**2 - 7*a - 25. Let h(l) = -7*f(l) + 5*m(l). Let w be h(-4). What is the tens digit of (w/(-8))/((-1)/(-8))?
2
Let m(k) = k**3 + 4*k**2 - 18*k - 12. Let x = -18 - -13. What is the units digit of m(x)?
3
Let t be (-1 - -6) + 2 + -6. Let u = -23 - -16. Let g = t - u. What is the units digit of g?
8
Let r(c) be the first derivative of -c**5/60 + 29*c**4/24 - 2*c**3/3 + 5. Let l(f) be the third derivative of r(f). What is the units digit of l(0)?
9
Suppose 80*a = 63*a + 16677. What is the units digit of a?
1
Let k = -66 + 131. Suppose -c = -60 - k. What is the tens digit of c?
2
Let m(a) be the first derivative of -a**4 - 25*a**3/3 + 9*a**2 - a + 22. What is the tens digit of m(-8)?
0
Let p = -183 - 11. Let z = p - -273. What is the tens digit of (-2 - -2) + z + 1?
8
Suppose 0 = 2*c - 1438 - 2388. What is the hundreds digit of c?
9
Suppose -4*u = 4*h - 16 - 32, 48 = 3*h - u. Suppose -4*a + h = -a. Suppose 161 = 3*d + d + m, -a*m = -d + 14. What is the tens digit of d?
3
Suppose 4451 = 4*u + 3*m, 3*u + 4*m + 434 = 3781. What is the thousands digit of u?
1
Let a = 39 - 60. Let s = a - -24. What is the tens digit of ((-246)/(-9))/(2/s)?
4
Let t be (8/16)/(1/(-6)). Let j be (t + (3 - 3))/(-1). Suppose 3*q = -0*q + 2*z + 23, -j*z = 5*q - 32. What is the units digit of q?
7
Suppose -3*k - k = 0. Let f be -1*3/3*k. Suppose f = 2*v - 64 - 54. What is the units digit of v?
9
Let j(c) = c**2 + 6*c + 5. Let v be j(-6). Let i = -37 - v. What is the tens digit of (-74)/(-4) + i/28?
1
Let y(m) be the first derivative of m**4/4 + 11*m**3/3 - 3*m**2 - 4*m - 16. What is the units digit of y(-11)?
2
Let c be 1/((27/(-12))/9). Let t = c - -11. What is the units digit of t?
7
Let a(n) = n**3 + 7*n**2 + n + 3. Let l be a(-7). Let t be -1*((l - 13) + 2). Let m = 43 - t. What is the units digit of m?
8
Suppose 6*q - 10*q + 120 = 0. Suppose 6*r - q = r. What is the tens digit of 117/3*2/r?
1
Let m = 1229 - 561. What is the tens digit of m?
6
Let r be (-8)/6 + (-2)/3 + 146. Suppose -r = -2*j - j. What is the tens digit of j?
4
Suppose -23 = -8*b + 7*b. Suppose 0 = p + r - 59, 5*p + b - 326 = 3*r. What is the tens digit of p?
6
Let i(q) = -2*q**3 - 15*q**2 - 5*q + 53. What is the tens digit of i(-11)?
5
Let t(z) = 2*z - 1. Let y be t(3). Suppose -y*p = 2 - 12. Suppose -3*u + p*u = -34. What is the tens digit of u?
3
Let y(k) = 15*k**3 + 4*k**2 + 8*k - 5. Let r be y(5). Suppose r = g + 5*g. What is the units digit of g?
5
Let p be -2 - ((-12)/4 + 1). Suppose 0 = -7*i + 3*i + g + 132, -2*i - 3*g + 66 = 0. Suppose -10*o + 7*o + i = p. What is the tens digit of o?
1
Suppose 2*s = 16 - 6. Suppose 0*y + 4*y + 8 = 0, 4*w - s*y = 6. Let k(o) = -23*o**3 - o**2 + o + 1. What is the tens digit of k(w)?
2
Let g = 1696 + -483. What is the thousands digit of g?
1
What is the units digit of 1 + 12/(-15) - 40/(-50)?
1
Suppose 86*c - 35614 = 133978. What is the units digit of c?
2
Let c = -9691 - -13970. What is the hundreds digit of c?
2
Let n(y) = 6*y**2. Let v(b) = -b**2 + 5*b - 7. Let g be v(3). Let q be n(g). What is the tens digit of (-138)/(-4) - q/(-12)?
3
Let x(f) = 9*f**2 + 6*f - 7. Suppose -v + 5*w = -6, -2*v + v + w - 2 = 0. What is the units digit of x(v)?
3
Suppose -3*z + 0*z + 3156 = 2*g, -5*g = 5*z - 7890. What is the hundreds digit of g?
5
Let u(a) = -114*a**2 + 3*a - 6. Let z(k) = 57*k**2 - k + 3. Let r(x) = -4*u(x) - 9*z(x). Let b be r(-1). Let j = b + 111. What is the units digit of j?
4
Let b = 123 - 121. Suppose 23 = -b*w + 155. What is the units digit of w?
6
Suppose 3*l - 5*x - 10 + 0 = 0, -5*x = 5*l + 10. Suppose l = -3*y - 3*c + 42, -3*y + 4 = -5*c + 2. What is the units digit of y?
9
Suppose 4*d = -647 + 6611. What is the units digit of d?
1
Let k = 112 - 55. Suppose -2*g + k = q, g + 2 - 8 = 4*q. Suppose c = -2*i + g, -5*c - 3*i + 115 = 2*i. What is the tens digit of c?
2
Let d(h) = -h**2 - 3*h - 2. Suppose 3*b - 4*b - 4*t - 10 = 0, 0 = -4*b + 5*t + 2. Let c be d(b). Suppose c = f - 7 - 2. What is the units digit of f?
9
Let n(z) = -z. Let y(c) = c**2 - 12*c - 34. Let u(o) = -5*n(o) - y(o). What is the units digit of u(16)?
0
Suppose 6*g + 81 = 3*g. Let h = -31 - g. Let f(k) = k**2 - 4. What is the tens digit of f(h)?
1
Let k be (-15)/(-8) + (-4)/(-32). Suppose 0 = -2*y - 3*y + 20, k*b + 2*y - 164 = 0. What is the tens digit of b?
7
Let m = 381 + -171. What is the hundreds digit of m?
2
Suppose 3*n = -2*n - 5. What is the units digit of (-33)/11 + (28 - n)?
6
Let g(d) = -d**3 + d**2 + 4*d + 7. Let u be g(3). Let z(p) = 20*p - 2. What is the units digit of z(u)?
8
Let h(k) = -k**2 + 13*k - 12. Let r be h(12). Suppose r = -2*t + 7*t - 100. What is the tens digit of t?
2
Suppose 11*j - 222 = 8*j. Let t = 200 - j. What is the tens digit of t?
2
Let t(s) = 6130*s**3 + 5*s**2 - 3*s + 3. What is the hundreds digit of t(1)?
1
Let t(q) be the first derivative of -q**3/3 - 5*q**2/2 + 8*